at is the greatest common divisor of u and m?
11
Let f = 0 + 10. Calculate the highest common factor of f and 30.
10
Suppose -2*p - u = -9, -4*u - 30 = -0*p - 3*p. Suppose 0 = 2*b - p, -4*k + 3*b - b = -74. Calculate the greatest common factor of k and 8.
4
Let m = 4 + -1. Suppose m*o + 19 = 7. Let p be (-7)/(-4) - 1/o. Calculate the highest common factor of p and 2.
2
Suppose 4*p - x - 4*x = 101, 2*p - 4*x - 52 = 0. Suppose 3*h = -5*b + 165, -4*b + 3*h = -b - 123. What is the greatest common factor of p and b?
12
Suppose -h + 21 = 4*h - 3*a, 4*a - 42 = -5*h. Let l be 4/18 - 430/(-9). Calculate the highest common divisor of l and h.
6
Let b(o) = 6*o. Let j = -15 - -21. Suppose -4*t - 2 + j = 0. Let l be b(t). Calculate the highest common divisor of 24 and l.
6
Suppose -q + 90 = 3*a + 2*q, -5*a + 4*q = -132. Suppose 0 = -d - d - 2. Let c be 6 - (d + 1 + -1). Calculate the highest common divisor of c and a.
7
Suppose -4*s + 0 + 1 = -l, 0 = s + 3*l - 10. Calculate the greatest common factor of 5 and s.
1
Suppose 5*v - 352 = v. What is the greatest common divisor of v and 11?
11
Suppose -7*y - 675 = -12*y. What is the highest common factor of 15 and y?
15
Let q(n) = -n**3 - n**2 - 2*n + 21. Let k be q(0). What is the highest common divisor of 210 and k?
21
Suppose -3*j - 5*t = 125, j = -2*t + 3*t - 39. Let q = j + 61. Let y = q - 13. What is the highest common divisor of 16 and y?
8
Suppose 7*c - 3*c - 15 = -3*t, -t + 10 = 3*c. Let n = t - -8. Calculate the greatest common divisor of 45 and n.
9
Let b = 4 - -1. Let i(p) = -7*p + 3 - b - 2. Let a be i(-7). What is the highest common divisor of 18 and a?
9
Suppose -5*k - b = -404, 308 = 4*k - 0*b - 3*b. Calculate the highest common divisor of k and 200.
40
Let h(w) = w**3 + 4*w**2 - 4*w - 4. Suppose -z - 2*d + 2 = 0, z - 2*d = d + 7. Let b be h(z). What is the highest common factor of 12 and b?
12
Let n be (-2)/(1/(1 + -5)). Let g = n + -4. Let d = 5 - g. Calculate the highest common factor of 11 and d.
1
Suppose -o - 5*k = -7*k - 111, o - 146 = -5*k. Calculate the greatest common factor of 11 and o.
11
Let v(j) = 8*j**2. Suppose 5*c + 12 - 2 = 0. Let u be v(c). What is the highest common factor of u and 4?
4
Let q = -14 + 9. Let f be (-3 + 0)/(q/40). Calculate the greatest common factor of 3 and f.
3
Let w be ((-2)/1)/((-2)/80). Let m(s) = -s**3 - 7*s**2 + 8*s + 2. Let i be m(-8). Suppose -i*a + 38 + 2 = 0. Calculate the highest common factor of a and w.
20
Let z(t) = -t + 23. Let h be z(16). Calculate the greatest common divisor of h and 35.
7
Let k = -11 - -107. Calculate the greatest common divisor of 12 and k.
12
Suppose 0 = -f - 1. Let a = f - -2. What is the greatest common divisor of 4 and a?
1
Suppose -10*j + 3*j + 168 = 0. What is the greatest common divisor of j and 32?
8
Let d(g) = -g**2 + 19*g + 33. Let a be d(18). Calculate the greatest common divisor of a and 34.
17
Suppose -5*r - y + 220 = 0, 0 = 6*r - 2*r + 2*y - 176. What is the highest common factor of r and 11?
11
Let i be (((-504)/3)/(-6))/1. What is the greatest common divisor of i and 98?
14
Suppose -5*x = -6*x + 23. What is the highest common factor of x and 23?
23
Let r = 7 - 5. Let c be 1/r + (-54)/(-4). What is the highest common factor of 14 and c?
14
Let v be (-6)/(-4) + (-1)/(-2). Let h be v + (39 - 0) + 1. Let a(c) = 28*c**3 - c**2 + 1. Let z be a(1). What is the highest common divisor of h and z?
14
Let n(s) = 4*s + 2. Let f be n(4). What is the highest common divisor of 36 and f?
18
Suppose 4*k - 464 = -3*r, -4*k + r = -80 - 400. Calculate the highest common factor of 17 and k.
17
Let n = -64 + 104. Let v be (23 + -2)/(12/n). What is the greatest common factor of v and 28?
14
Suppose 4*f + 0*f - 100 = 0. Let p = f - 14. What is the greatest common divisor of 88 and p?
11
Suppose 5*u + 9*i - 8*i - 84 = 0, 4*u - 4*i = 48. What is the highest common divisor of 112 and u?
16
Let k = -3 - -6. Let v(o) = 42*o. Let h be v(k). What is the greatest common factor of 18 and h?
18
Let u = 67 + -37. Calculate the highest common divisor of 60 and u.
30
Suppose 0 = 5*v - z - 10, 0 = -0*v - 4*v + 5*z - 13. Let s(t) = 5*t + 69*t**2 - 4*t - v*t - 1. Let y be s(-1). What is the highest common factor of 28 and y?
14
Let n be -9*(8/(-32))/((-6)/(-16)). Let x = -63 + 93. What is the highest common divisor of n and x?
6
Let o = 193 - 118. Suppose 0*k = 5*k - o. Suppose 2*y - 120 = y. What is the highest common factor of y and k?
15
Let x(t) = t**3 + 5*t**2 - 6*t - 14. Let f be x(-5). Calculate the highest common factor of 144 and f.
16
Suppose -20 = -2*r - 3*r. Suppose 3*o - 602 = 4*d, -6*o + r*d = -2*o - 800. What is the highest common divisor of 18 and o?
18
Let n = 161 + -81. What is the highest common factor of n and 16?
16
Let s(z) = z**2 - z + 40. Let g(h) = -5*h**2 + 1. Let m be g(1). Let f be 2/9 + m/18. Let o be s(f). What is the greatest common factor of o and 5?
5
Suppose 0 = 3*v - 4*v + 1. Calculate the greatest common divisor of 4 and v.
1
Suppose 0 = 4*b + 2*z - 14, 3*z = -5*b + b + 9. Let q(p) = -10*p - 4. Let l be q(-7). What is the highest common divisor of l and b?
6
Let k(w) = 634*w - 2. Let o be k(2). Let t be o/14 + (-3)/7. Calculate the greatest common factor of 36 and t.
18
Suppose -527 = -3*m + w - 1, -5*w = 3*m - 538. Let c be (4/3)/(2/165). Suppose -2*r + c = 3*r. What is the greatest common factor of m and r?
22
Suppose -2*p = -3*i + 64 + 51, -150 = -4*i + p. Calculate the greatest common divisor of i and 296.
37
Let n be (0 - 2) + -1 + 7. Let t(k) = n*k**3 + 12 + 9*k**2 - 3 - 3*k**3 - 9*k. Let v be t(-7). Calculate the highest common divisor of v and 17.
17
Let s be 20/(-6)*(-9)/2. Let q(h) = 0*h**3 - h**3 - 3 + 13*h + 4 + 4 + 10*h**2. Let z be q(10). Calculate the greatest common factor of s and z.
15
Suppose -40 = -h - 3*h. Let v(n) = -n**3 + 5*n**2 + 7*n - 1. Let w be v(6). What is the highest common divisor of w and h?
5
Suppose -3*t - 3*s - 66 = -0, -4 = s. Let j be (-4)/t - (-64)/36. What is the highest common divisor of j and 22?
2
Let f be (-9 + -1)*(-35)/10. Let u = f + -11. What is the highest common divisor of 60 and u?
12
Suppose -5*s - 2 - 8 = 0. Let g be (0 + s - -1) + 4. Suppose -2*c + 175 = g*c. What is the highest common divisor of 7 and c?
7
Let f(n) = -n**2 + 7*n. Let q be f(5). Let a(u) = 33*u**2. Let z be a(-1). Let w = -3 + z. What is the greatest common factor of q and w?
10
Let k be (2 - 0) + -2 - -3. Suppose k + 25 = 2*o. Calculate the highest common factor of 35 and o.
7
Let c(n) be the third derivative of n**5/15 - n**4/6 - 4*n**3/3 + 5*n**2. Let b be c(-7). Calculate the greatest common divisor of b and 24.
24
Let s be 9/2*200/(-6). Let t be s/(-8)*16/6. What is the highest common factor of 75 and t?
25
Suppose -3*a + a + 20 = p, 55 = 3*p + a. Let q be (p/2)/3 - 1. Let o = q + 3. What is the highest common factor of 45 and o?
5
Let r be (-1 + -1 + -8)*9/(-15). What is the highest common factor of r and 3?
3
Suppose 0 = f - 3*f + 4. Suppose f*g - 5 = 7. What is the greatest common divisor of g and 2?
2
Let o = -10 + 35. Suppose -4*c + 800 = -2*s, -5*c - c - s = -1200. Calculate the greatest common divisor of o and c.
25
Let t = -77 - -82. Calculate the highest common divisor of t and 10.
5
Let x(k) = k**3 + 10*k**2 + 3*k + 2. Let a be x(-9). Let r = 1 + 13. What is the highest common divisor of r and a?
14
Suppose -3*w + 2 = 59. Let b = w + 26. Calculate the highest common factor of b and 56.
7
Let z(s) = -s + 16. Let k be z(7). What is the greatest common factor of 3 and k?
3
Let u(m) = m - 6. Let z be u(9). Calculate the greatest common divisor of z and 27.
3
Let j be (1 - -3)*35/28. Let y be 28/5 - (-2)/j. What is the highest common factor of y and 54?
6
Suppose -8 = -i + 5*i, o - 2*i = 60. What is the greatest common divisor of 14 and o?
14
Let m = 93 - 54. Suppose a = -5*x + m, 4*x + a - 27 = -4*a. Calculate the highest common factor of 40 and x.
8
Let u be -2*2/(-4) - -98. Let w = 1 - -10. Calculate the greatest common divisor of u and w.
11
Let g be (-2)/(-6) + 31/(-3). Let q = g - -18. Let o be (30/(-4))/((-3)/q). What is the greatest common factor of o and 50?
10
Let b(t) = -t**3 + 10. Let k be b(0). Let u be (-231)/(-15) + (-4)/k. Suppose 30 = -2*o + 4*o. What is the gre